{"id":406,"date":"2016-06-06T14:37:10","date_gmt":"2016-06-06T14:37:10","guid":{"rendered":"http:\/\/goodwine.themerex.net\/?post_type=product&#038;p=406"},"modified":"2026-02-10T17:04:34","modified_gmt":"2026-02-10T17:04:34","slug":"bianchera","status":"publish","type":"product","link":"https:\/\/www.grebac.com\/shop\/proizvod\/bianchera\/","title":{"rendered":"Bianchera"},"content":{"rendered":"","protected":false},"excerpt":{"rendered":"<div class=\"wpb_text_column wpb_content_element vc_custom_1554489107587 bijeli opis\">\n<div class=\"wpb_wrapper\">\n<p>BIANCHERA ili ISTARSKA BIJELICA je autohtona istarska sorta, daje izvrsno ulje nagla\u0161ene gor\u010dine i pikantnosti te nagla\u0161enog mirisa po zelenim maslinama.<br \/>\nDostupna pakiranja: <span class=\"veci\">250ml i 500ml.<br \/>\n<\/span><\/p>\n<\/div>\n<\/div>\n","protected":false},"featured_media":1522,"comment_status":"open","ping_status":"closed","template":"","meta":[],"product_cat":[50],"product_tag":[],"_links":{"self":[{"href":"https:\/\/www.grebac.com\/shop\/wp-json\/wp\/v3\/product\/406"}],"collection":[{"href":"https:\/\/www.grebac.com\/shop\/wp-json\/wp\/v3\/product"}],"about":[{"href":"https:\/\/www.grebac.com\/shop\/wp-json\/wp\/v2\/types\/product"}],"replies":[{"embeddable":true,"href":"https:\/\/www.grebac.com\/shop\/wp-json\/wp\/v2\/comments?post=406"}],"wp:featuredmedia":[{"embeddable":true,"href":"https:\/\/www.grebac.com\/shop\/wp-json\/wp\/v2\/media\/1522"}],"wp:attachment":[{"href":"https:\/\/www.grebac.com\/shop\/wp-json\/wp\/v2\/media?parent=406"}],"wp:term":[{"taxonomy":"product_cat","embeddable":true,"href":"https:\/\/www.grebac.com\/shop\/wp-json\/wp\/v2\/product_cat?post=406"},{"taxonomy":"product_tag","embeddable":true,"href":"https:\/\/www.grebac.com\/shop\/wp-json\/wp\/v2\/product_tag?post=406"}],"curies":[{"name":"wp","href":"https:\/\/api.w.org\/{rel}","templated":true}]}}